alculate c(-376).
115
Let g(d) = -752*d + 114644. Give g(152).
340
Let m(d) = -89*d + 1271. Give m(14).
25
Let a(w) = -w**3 - 552*w**2 - 20480*w - 5. Calculate a(-512).
-5
Let b(f) = f**3 + 65*f**2 + 192*f + 4179. What is b(-63)?
21
Let v(j) = -4*j**2 - 30*j - 121. Determine v(19).
-2135
Let z(r) = -84*r**2 - 416*r - 178. Calculate z(-4).
142
Let q(y) = 20*y**2 + 2203*y + 306. Calculate q(-110).
-24
Let v(y) = 2*y**3 - 75*y**2 + 2662*y - 108353. What is v(39)?
28
Let m(a) = 175*a - 14079. What is m(80)?
-79
Let y(d) = -34796*d + 730339. Calculate y(21).
-377
Let i(a) = -a**3 + 32*a**2 + 340*a + 3364. Calculate i(42).
4
Let r(u) = -133*u - 3288. Give r(-17).
-1027
Let w(x) = -x**3 + 1196*x**2 - 7620*x - 835879. Give w(1189).
-12
Let g(d) = -95*d**2 + 272*d + 31. Calculate g(3).
-8
Let p(o) = 20*o**2 + 243*o + 2557. What is p(-16)?
3789
Let q(z) = -4*z**2 - 438*z - 7283. What is q(-19)?
-405
Let y(f) = -16*f - 738. Give y(-57).
174
Let c(u) = -46*u**3 + 21*u**2 - 60*u - 191. Calculate c(-2).
381
Let b(u) = 2*u**3 - 258*u**2 - 1324*u - 2137. Calculate b(134).
7
Let t(r) = 3*r**2 + 1909*r + 44836. Give t(-24).
748
Let y(q) = -q**3 + 36*q**2 + 358*q + 647. Calculate y(-6).
11
Let j(a) = a**3 + 58*a**2 + 72*a + 11334. Calculate j(-60).
-186
Let n(d) = -117604*d - 3763334. Determine n(-32).
-6
Let u(z) = -2*z**2 - 2473*z - 39377. Determine u(-16).
-321
Let v(a) = -518*a - 26240. Calculate v(-52).
696
Let m(r) = 116*r**2 + 5789*r + 32. Determine m(-50).
582
Let i(p) = p**3 - 6430*p**2 - 32187*p - 60. Calculate i(-5).
0
Let i(j) = -58*j + 751. Calculate i(29).
-931
Let k(r) = r**3 + 239*r**2 - 43579*r - 6834. Determine k(-360).
6
Let x(p) = -p**3 - 113*p**2 - 2063*p + 630. Determine x(-90).
0
Let p(i) = 6858*i - 384037. Determine p(56).
11
Let k(j) = -5*j**2 - 39*j + 336. Give k(8).
-296
Let k(z) = -32133*z + 1478055. Give k(46).
-63
Let h(q) = -q**3 + 54*q**2 - 746*q + 27167. Calculate h(50).
-133
Let p(k) = 2*k**2 - 55*k - 4348. What is p(59)?
-631
Let k(s) = s**3 + 29*s**2 - 1289*s - 964. What is k(-53)?
-63
Let z(u) = -7*u**3 + 70*u**2 + 384*u + 122. Determine z(14).
10
Let l(k) = 36771*k + 4302193. Give l(-117).
-14
Let c(o) = 15426*o + 2668693. Give c(-173).
-5
Let u(d) = -199*d + 4008. Give u(20).
28
Let i(l) = -2*l**2 + 60*l - 881. What is i(30)?
-881
Let d(c) = c**3 + 7*c**2 - 1827*c + 12102. Give d(7).
-1
Let k(g) = -g**3 + 12*g**2 + 59146*g - 177535. Give k(3).
-16
Let i(t) = 3*t**3 - 21*t**2 - 351*t - 332. What is i(-7)?
67
Let n(g) = 27*g + 605. Calculate n(7).
794
Let k(a) = -1136*a + 39697. Determine k(35).
-63
Let q(k) = -k**2 - 30*k + 2509. Calculate q(-68).
-75
Let b(v) = 87*v - 8909. What is b(112)?
835
Let t(q) = q**2 - 21*q - 1476. Determine t(45).
-396
Let o(v) = 128*v**2 + 25341*v - 611. Give o(-198).
-17
Let r(q) = 3*q**2 + 2863*q + 252500. Give r(-856).
-20
Let f(j) = 41*j + 4076. Calculate f(-109).
-393
Let k(m) = -716*m - 21381. What is k(-30)?
99
Let o(p) = -4*p**3 - 32*p**2 - 299*p - 1191. Calculate o(-5).
4
Let n(r) = 4916*r - 29423. Determine n(6).
73
Let k(t) = -t**3 - 445*t**2 + 2305*t + 228549. Calculate k(-449).
8
Let g(q) = -q**3 - 3640*q**2 - 18028*q + 744. Determine g(-5).
9
Let z(q) = 1176*q**2 - 8237*q + 11. Give z(7).
-24
Let r(f) = -f**3 - 24*f**2 + 44*f + 2311. What is r(-25)?
1836
Let w(x) = 3222*x + 451072. Calculate w(-140).
-8
Let x(q) = -5*q**2 - 352*q + 1109. Give x(-73).
160
Let q(j) = 328*j**2 - 8530*j + 56. Give q(26).
4
Let i(o) = -10516*o + 3764779. What is i(358)?
51
Let b(c) = -758*c**2 - 21173*c + 1421. What is b(-28)?
-7
Let w(j) = 2*j**3 + 52*j**2 + 18*j - 20. Determine w(0).
-20
Let n(t) = -2*t**3 - 41*t**2 + 2483*t + 32. What is n(-47)?
408
Let j(u) = -38*u**3 + 30*u**2 - 81*u + 12. Give j(2).
-334
Let n(f) = -246*f - 2248. Determine n(-11).
458
Let l(o) = o**3 + 14*o**2 + 13*o - 128. Calculate l(-12).
4
Let l(a) = -a**3 - 127*a**2 - 2584*a - 3470. Determine l(-102).
-2
Let c(g) = 20*g**3 - 559*g**2 + 1023*g - 233. Calculate c(26).
1
Let a(b) = -102*b**2 - 3392*b - 860. Give a(-33).
-2
Let y(i) = 11*i**3 + 265*i**2 + 1117*i + 1005. Give y(-19).
-2
Let i(s) = 6*s**3 + 26*s**2 + 51*s - 5. Determine i(-2).
-51
Let s(i) = -44711*i - 1430749. What is s(-32)?
3
Let u(q) = q**2 + 4737*q - 195881. Calculate u(41).
17
Let s(c) = -191*c**2 + 281*c + 132. What is s(4)?
-1800
Let a(f) = f**2 + 238*f + 12664. What is a(-86)?
-408
Let q(h) = -760*h - 393. Calculate q(1).
-1153
Let a(g) = 142*g**3 + 2*g**2 - 4*g - 6. Give a(-2).
-1126
Let x(h) = -h**2 - 957*h - 34039. Calculate x(-37).
1
Let z(g) = -308*g - 240. Give z(-2).
376
Let l(u) = -14*u**3 + 11*u**2 + 285*u + 284. Calculate l(-1).
24
Let r(f) = f**2 - 10846*f - 75975. Determine r(-7).
-4
Let m(t) = -t**3 - 38*t**2 + 904*t + 30737. What is m(-25)?
12
Let d(k) = 14*k**3 - 4*k**2 - 55*k - 161. Calculate d(-3).
-410
Let d(l) = 3388*l + 16728. Determine d(-5).
-212
Let v(f) = -25057*f - 25030. Give v(-1).
27
Let q(d) = d**2 - 2480*d + 146551. What is q(60)?
1351
Let g(b) = 38*b**2 + 24*b + 8. Determine g(-3).
278
Let t(s) = -s**3 - 17*s**2 - 22*s - 206. Determine t(-17).
168
Let f(q) = 1786*q + 137145. Calculate f(-77).
-377
Let l(x) = 15235*x - 639875. Give l(42).
-5
Let y(s) = 637*s - 349085. Give y(548).
-9
Let l(n) = -4*n**2 - 137*n - 923. Calculate l(-14).
211
Let i(o) = 223*o + 16538. Determine i(-74).
36
Let u(s) = -2*s**3 - 75*s**2 + 71*s + 891. Calculate u(-38).
-363
Let a(v) = v**2 - 14735*v - 221269. Calculate a(-15).
-19
Let y(i) = -2*i**2 - 371*i - 4704. Determine y(-172).
-60
Let t(p) = 12052*p + 36435. Give t(-3).
279
Let o(v) = -7466*v + 694331. Give o(93).
-7
Let s(j) = -863*j + 131964. Determine s(153).
-75
Let u(r) = -2*r**3 - 113*r**2 + 296*r - 40. What is u(-59)?
-99
Let a(d) = d**3 - 49*d**2 + 254*d + 1652. Determine a(42).
-28
Let q(n) = -3*n**2 - 83*n + 832. Calculate q(-31).
522
Let j(p) = p**3 - 299*p**2 + 20090*p + 799. Give j(197).
11
Let q(d) = 6*d**2 - 1994*d - 30532. Calculate q(347).
4
Let w(p) = 55*p**2 - 10852*p - 6988. Calculate w(198).
536
Let u(o) = -385*o + 7914. Calculate u(21).
-171
Let d(s) = -143050*s - 1287449. What is d(-9)?
1
Let j(r) = 2*r**3 - 58067*r**2 - 348478*r - 8. Give j(-6).
16
Let f(y) = 9535*y - 112. What is f(0)?
-112
Let d(l) = -2*l**2 - 1551*l + 73850. Give d(45).
5
Let b(z) = 5*z**3 - 2*z**2 - 6420*z + 6421. Determine b(1).
4
Let r(o) = 644*o + 311. Determine r(-3).
-1621
Let j(g) = 182*g**2 + 962*g - 337. What is j(-6)?
443
Let j(x) = -2*x**3 + 75*x**2 - 200*x + 16145. Calculate j(40).
145
Let s(q) = -3*q**2 + 833*q + 26150. Determine s(-30).
-1540
Let b(y) = -2201*y + 16922. Give b(9).
-2887
Let m(r) = 740*r**3 + 5*r**2 + 8*r - 13. Give m(1).
740
Let s(k) = -6*k**3 + 326*k**2 - 95*k - 876. Determine s(54).
-174
Let k(x) = 57295*x + 916711. Determine k(-16).
-9
Let r(c) = 89*c**2 - 25*c + 1. Calculate r(3).
727
Let p(q) = 59530*q - 59536. Determine p(1).
-6
Let t(i) = -8*i**3 - 48*i**2 + 137*i + 820. Give t(-6).
-2
Let y(c) = 2493*c**2 - 12479*c + 66. Calculate y(5).
-4
Let p(c) = c**3 + 11*c**2 + 299*c - 600. What is p(2)?
50
Let i(w) = -w**2 + 1640*w + 110839. Give i(-65).
14
Let n(c) = 13*c**2 - 24088*c - 636983. Calculate n(1879).
-2
Let g(r) = -34418*r - 275352. Calculate g(-8).
-8
Let f(q) = -q**2 + 14254*q - 256210. Calculate f(18).
38
Let q(g) = -7418*g + 14731. Calculate q(2).
-105
Let p(d) = 296*d + 52302. Calculate p(-177).
-90
Let d(b) = 20*b**2 - 433*b + 688. Calculate d(20).
28
Let a(n) = -118790*n - 3920073. What is a(-33)?
-3
Let y(x) = 2*x**3 - 160*x**2 - 2422*x - 18. Determine y(-13).
34
Let n(h) = h**2 + 97*h + 1653. What is n(-22)?
3
Let v(i) = -16535*i + 99213. What is v(6)?
3
Let f(u) = -55153*u**2 + 330906*u + 65. Determine f(6).
-7
Let t(g) = 18843*g - 584241. Determine t(31).
-108
Let o(p) = 1046*p + 7508. What is o(-7)?
186
Let b(y) = 2*y**2 - 79750*y + 239254. What is b(3)?
22
Let x(w) = 392*w + 43062. What is x(-110)?
-58
Let l(v) = -v**3 + 109*v**2 - 1602*v - 3316. Give l(91).
-40
Let y(t) = -847374*t - 3. What is y(0)?
-3
Let h(y) = 125487*y + 501379. What is h(-4)?
-569
Let b(z) = z**3 - 19*z**2 + 86*z + 38. Determine b(11).
16
Let k(h) = -8993*h + 8995. What is k(1)?
2
Let y(w) = -457*w + 8687. Determine y(19).
4
Let h(t) = 2*t**2 - 2447*t + 9758. Calculate 